{"id":2076,"date":"2019-03-29T13:29:59","date_gmt":"2019-03-29T12:29:59","guid":{"rendered":"https:\/\/goalive.cartv.eu\/fahrzeug-eigentuemer\/"},"modified":"2022-08-29T11:22:39","modified_gmt":"2022-08-29T10:22:39","slug":"wlasciciel-pojazdu","status":"publish","type":"page","link":"https:\/\/www.cartv.eu\/pl\/wlasciciel-pojazdu\/","title":{"rendered":"W\u0142a\u015bciciel pojazdu"},"content":{"rendered":"","protected":false},"excerpt":{"rendered":"","protected":false},"author":1,"featured_media":0,"parent":0,"menu_order":0,"comment_status":"closed","ping_status":"closed","template":"","meta":{"inline_featured_image":false,"footnotes":""},"class_list":["post-2076","page","type-page","status-publish","hentry"],"acf":[],"yoast_head":"<!-- This site is optimized with the Yoast SEO plugin v25.4 - https:\/\/yoast.com\/wordpress\/plugins\/seo\/ -->\n<title>W\u0142a\u015bciciel pojazdu - CARTV<\/title>\n<meta name=\"description\" content=\"Z platformy CARTV mo\u017cna r\u00f3wnie\u017c skorzysta\u0107 jako osoba prywatna. Je\u015bli dojdzie do sprzeda\u017cy, CARTV ch\u0119tnie przejmie ca\u0142\u0105 procedur\u0119 transakcji.\" \/>\n<meta name=\"robots\" content=\"index, follow, max-snippet:-1, max-image-preview:large, max-video-preview:-1\" \/>\n<link rel=\"canonical\" href=\"https:\/\/www.cartv.eu\/pl\/wlasciciel-pojazdu\/\" \/>\n<meta property=\"og:locale\" content=\"pl_PL\" \/>\n<meta property=\"og:type\" content=\"article\" \/>\n<meta property=\"og:title\" content=\"W\u0142a\u015bciciel pojazdu - CARTV\" \/>\n<meta property=\"og:description\" content=\"Z platformy CARTV mo\u017cna r\u00f3wnie\u017c skorzysta\u0107 jako osoba prywatna. Je\u015bli dojdzie do sprzeda\u017cy, CARTV ch\u0119tnie przejmie ca\u0142\u0105 procedur\u0119 transakcji.\" \/>\n<meta property=\"og:url\" content=\"https:\/\/www.cartv.eu\/pl\/wlasciciel-pojazdu\/\" \/>\n<meta property=\"og:site_name\" content=\"CARTV\" \/>\n<meta property=\"article:modified_time\" content=\"2022-08-29T10:22:39+00:00\" \/>\n<meta name=\"twitter:card\" content=\"summary_large_image\" \/>\n<script type=\"application\/ld+json\" class=\"yoast-schema-graph\">{\"@context\":\"https:\/\/schema.org\",\"@graph\":[{\"@type\":\"WebPage\",\"@id\":\"https:\/\/www.cartv.eu\/pl\/wlasciciel-pojazdu\/\",\"url\":\"https:\/\/www.cartv.eu\/pl\/wlasciciel-pojazdu\/\",\"name\":\"W\u0142a\u015bciciel pojazdu - CARTV\",\"isPartOf\":{\"@id\":\"https:\/\/www.cartv.eu\/pl\/#website\"},\"datePublished\":\"2019-03-29T12:29:59+00:00\",\"dateModified\":\"2022-08-29T10:22:39+00:00\",\"description\":\"Z platformy CARTV mo\u017cna r\u00f3wnie\u017c skorzysta\u0107 jako osoba prywatna. Je\u015bli dojdzie do sprzeda\u017cy, CARTV ch\u0119tnie przejmie ca\u0142\u0105 procedur\u0119 transakcji.\",\"breadcrumb\":{\"@id\":\"https:\/\/www.cartv.eu\/pl\/wlasciciel-pojazdu\/#breadcrumb\"},\"inLanguage\":\"pl-PL\",\"potentialAction\":[{\"@type\":\"ReadAction\",\"target\":[\"https:\/\/www.cartv.eu\/pl\/wlasciciel-pojazdu\/\"]}]},{\"@type\":\"BreadcrumbList\",\"@id\":\"https:\/\/www.cartv.eu\/pl\/wlasciciel-pojazdu\/#breadcrumb\",\"itemListElement\":[{\"@type\":\"ListItem\",\"position\":1,\"name\":\"Startseite\",\"item\":\"https:\/\/www.cartv.eu\/pl\/\"},{\"@type\":\"ListItem\",\"position\":2,\"name\":\"W\u0142a\u015bciciel pojazdu\"}]},{\"@type\":\"WebSite\",\"@id\":\"https:\/\/www.cartv.eu\/pl\/#website\",\"url\":\"https:\/\/www.cartv.eu\/pl\/\",\"name\":\"CARTV\",\"description\":\"\",\"potentialAction\":[{\"@type\":\"SearchAction\",\"target\":{\"@type\":\"EntryPoint\",\"urlTemplate\":\"https:\/\/www.cartv.eu\/pl\/?s={search_term_string}\"},\"query-input\":{\"@type\":\"PropertyValueSpecification\",\"valueRequired\":true,\"valueName\":\"search_term_string\"}}],\"inLanguage\":\"pl-PL\"}]}<\/script>\n<!-- \/ Yoast SEO plugin. -->","yoast_head_json":{"title":"W\u0142a\u015bciciel pojazdu - CARTV","description":"Z platformy CARTV mo\u017cna r\u00f3wnie\u017c skorzysta\u0107 jako osoba prywatna. Je\u015bli dojdzie do sprzeda\u017cy, CARTV ch\u0119tnie przejmie ca\u0142\u0105 procedur\u0119 transakcji.","robots":{"index":"index","follow":"follow","max-snippet":"max-snippet:-1","max-image-preview":"max-image-preview:large","max-video-preview":"max-video-preview:-1"},"canonical":"https:\/\/www.cartv.eu\/pl\/wlasciciel-pojazdu\/","og_locale":"pl_PL","og_type":"article","og_title":"W\u0142a\u015bciciel pojazdu - CARTV","og_description":"Z platformy CARTV mo\u017cna r\u00f3wnie\u017c skorzysta\u0107 jako osoba prywatna. Je\u015bli dojdzie do sprzeda\u017cy, CARTV ch\u0119tnie przejmie ca\u0142\u0105 procedur\u0119 transakcji.","og_url":"https:\/\/www.cartv.eu\/pl\/wlasciciel-pojazdu\/","og_site_name":"CARTV","article_modified_time":"2022-08-29T10:22:39+00:00","twitter_card":"summary_large_image","schema":{"@context":"https:\/\/schema.org","@graph":[{"@type":"WebPage","@id":"https:\/\/www.cartv.eu\/pl\/wlasciciel-pojazdu\/","url":"https:\/\/www.cartv.eu\/pl\/wlasciciel-pojazdu\/","name":"W\u0142a\u015bciciel pojazdu - CARTV","isPartOf":{"@id":"https:\/\/www.cartv.eu\/pl\/#website"},"datePublished":"2019-03-29T12:29:59+00:00","dateModified":"2022-08-29T10:22:39+00:00","description":"Z platformy CARTV mo\u017cna r\u00f3wnie\u017c skorzysta\u0107 jako osoba prywatna. Je\u015bli dojdzie do sprzeda\u017cy, CARTV ch\u0119tnie przejmie ca\u0142\u0105 procedur\u0119 transakcji.","breadcrumb":{"@id":"https:\/\/www.cartv.eu\/pl\/wlasciciel-pojazdu\/#breadcrumb"},"inLanguage":"pl-PL","potentialAction":[{"@type":"ReadAction","target":["https:\/\/www.cartv.eu\/pl\/wlasciciel-pojazdu\/"]}]},{"@type":"BreadcrumbList","@id":"https:\/\/www.cartv.eu\/pl\/wlasciciel-pojazdu\/#breadcrumb","itemListElement":[{"@type":"ListItem","position":1,"name":"Startseite","item":"https:\/\/www.cartv.eu\/pl\/"},{"@type":"ListItem","position":2,"name":"W\u0142a\u015bciciel pojazdu"}]},{"@type":"WebSite","@id":"https:\/\/www.cartv.eu\/pl\/#website","url":"https:\/\/www.cartv.eu\/pl\/","name":"CARTV","description":"","potentialAction":[{"@type":"SearchAction","target":{"@type":"EntryPoint","urlTemplate":"https:\/\/www.cartv.eu\/pl\/?s={search_term_string}"},"query-input":{"@type":"PropertyValueSpecification","valueRequired":true,"valueName":"search_term_string"}}],"inLanguage":"pl-PL"}]}},"_links":{"self":[{"href":"https:\/\/www.cartv.eu\/pl\/wp-json\/wp\/v2\/pages\/2076","targetHints":{"allow":["GET"]}}],"collection":[{"href":"https:\/\/www.cartv.eu\/pl\/wp-json\/wp\/v2\/pages"}],"about":[{"href":"https:\/\/www.cartv.eu\/pl\/wp-json\/wp\/v2\/types\/page"}],"author":[{"embeddable":true,"href":"https:\/\/www.cartv.eu\/pl\/wp-json\/wp\/v2\/users\/1"}],"replies":[{"embeddable":true,"href":"https:\/\/www.cartv.eu\/pl\/wp-json\/wp\/v2\/comments?post=2076"}],"version-history":[{"count":10,"href":"https:\/\/www.cartv.eu\/pl\/wp-json\/wp\/v2\/pages\/2076\/revisions"}],"predecessor-version":[{"id":7809,"href":"https:\/\/www.cartv.eu\/pl\/wp-json\/wp\/v2\/pages\/2076\/revisions\/7809"}],"wp:attachment":[{"href":"https:\/\/www.cartv.eu\/pl\/wp-json\/wp\/v2\/media?parent=2076"}],"curies":[{"name":"wp","href":"https:\/\/api.w.org\/{rel}","templated":true}]}}

Właściciel pojazdu

<!-- This site is optimized with the Yoast SEO plugin v25.4 - https://yoast.com/wordpress/plugins/seo/ -->
<title>Właściciel pojazdu - CARTV</title>
<meta name="description" content="Z platformy CARTV można również skorzystać jako osoba prywatna. Jeśli dojdzie do sprzedaży, CARTV chętnie przejmie całą procedurę transakcji." />
<meta name="robots" content="index, follow, max-snippet:-1, max-image-preview:large, max-video-preview:-1" />
<link rel="canonical" href="https://www.cartv.eu/pl/wlasciciel-pojazdu/" />
<meta property="og:locale" content="pl_PL" />
<meta property="og:type" content="article" />
<meta property="og:title" content="Właściciel pojazdu - CARTV" />
<meta property="og:description" content="Z platformy CARTV można również skorzystać jako osoba prywatna. Jeśli dojdzie do sprzedaży, CARTV chętnie przejmie całą procedurę transakcji." />
<meta property="og:url" content="https://www.cartv.eu/pl/wlasciciel-pojazdu/" />
<meta property="og:site_name" content="CARTV" />
<meta property="article:modified_time" content="2022-08-29T10:22:39+00:00" />
<meta name="twitter:card" content="summary_large_image" />
<script type="application/ld+json" class="yoast-schema-graph">{"@context":"https://schema.org","@graph":[{"@type":"WebPage","@id":"https://www.cartv.eu/pl/wlasciciel-pojazdu/","url":"https://www.cartv.eu/pl/wlasciciel-pojazdu/","name":"Właściciel pojazdu - CARTV","isPartOf":{"@id":"https://www.cartv.eu/pl/#website"},"datePublished":"2019-03-29T12:29:59+00:00","dateModified":"2022-08-29T10:22:39+00:00","description":"Z platformy CARTV można również skorzystać jako osoba prywatna. Jeśli dojdzie do sprzedaży, CARTV chętnie przejmie całą procedurę transakcji.","breadcrumb":{"@id":"https://www.cartv.eu/pl/wlasciciel-pojazdu/#breadcrumb"},"inLanguage":"pl-PL","potentialAction":[{"@type":"ReadAction","target":["https://www.cartv.eu/pl/wlasciciel-pojazdu/"]}]},{"@type":"BreadcrumbList","@id":"https://www.cartv.eu/pl/wlasciciel-pojazdu/#breadcrumb","itemListElement":[{"@type":"ListItem","position":1,"name":"Startseite","item":"https://www.cartv.eu/pl/"},{"@type":"ListItem","position":2,"name":"Właściciel pojazdu"}]},{"@type":"WebSite","@id":"https://www.cartv.eu/pl/#website","url":"https://www.cartv.eu/pl/","name":"CARTV","description":"","potentialAction":[{"@type":"SearchAction","target":{"@type":"EntryPoint","urlTemplate":"https://www.cartv.eu/pl/?s={search_term_string}"},"query-input":{"@type":"PropertyValueSpecification","valueRequired":true,"valueName":"search_term_string"}}],"inLanguage":"pl-PL"}]}</script>
<!-- / Yoast SEO plugin. -->

Właściciel pojazdu - CARTV

Z platformy CARTV można również skorzystać jako osoba prywatna. Jeśli dojdzie do sprzedaży, CARTV chętnie przejmie całą procedurę transakcji.
